{"id":256,"date":"2025-10-09T21:32:04","date_gmt":"2025-10-09T19:32:04","guid":{"rendered":"https:\/\/evolucionledchile.cl\/?post_type=product&#038;p=256"},"modified":"2025-11-13T15:31:15","modified_gmt":"2025-11-13T18:31:15","slug":"jk","status":"publish","type":"product","link":"https:\/\/evolucionledchile.cl\/index.php\/producto\/jk\/","title":{"rendered":"KITS PANTALLA LED PUBLICIDAD P10 DE 300X400 CM PARA EXTERIOR Y INTERIOR"},"content":{"rendered":"<h1 class=\"product_title entry-title\"><span style=\"font-size: 16px;\">La Publicaci\u00f3n corresponde a la Pantalla completo <\/span><span style=\"font-size: 16px;\">en P10 de m\u00e1xima calidad <\/span><span style=\"font-size: 16px;\">con el deco procesador incluido, m\u00e1xima calidad exterior en gabinetes de alta resistencia para publicidad en v\u00eda publica de 96x96cm<\/span><\/h1>\n<div class=\"woocommerce-product-details__short-description\">\n<p>Caracter\u00edsticas del sistema:<br \/>\nDisponible para la conexi\u00f3n a un control externo, y la aceptaci\u00f3n de varias im\u00e1genes, gr\u00e1ficos y de escritura a mano<br \/>\nAcepta se\u00f1ales de v\u00eddeo (HDMI \u2013 LAN \u2013 WIFI -NUBE), mostrando im\u00e1genes din\u00e1micas, tambi\u00e9n puede mostrar gr\u00e1ficos y animaciones.<br \/>\nLa computadora de control puede actuar como una estaci\u00f3n de trabajo en red, y leer datos en tiempo real desde el ordenador determinado, y mostrarlas en su pantalla.<br \/>\nExisten varios m\u00e9todos para programar im\u00e1genes, y facilitar el cambio de los programas preparados (incluyendo la secuencia de reproducci\u00f3n, el tiempo de duraci\u00f3n, entrada 220 voltios resolucion 192&#215;288 pixeles\u00a0 etc)<\/p>\n<\/div>\n","protected":false},"excerpt":{"rendered":"<p>La Publicaci\u00f3n corresponde a la Pantalla completo en P10 de m\u00e1xima calidad con el deco procesador incluido, m\u00e1xima calidad exterior en gabinetes de alta resistencia para publicidad en v\u00eda publica de 96x96cm Caracter\u00edsticas del sistema: Disponible para la conexi\u00f3n a un control externo, y la aceptaci\u00f3n de varias im\u00e1genes, gr\u00e1ficos y de escritura a mano &hellip;<\/p>\n<p class=\"read-more\"> <a class=\"\" href=\"https:\/\/evolucionledchile.cl\/index.php\/producto\/jk\/\"> <span class=\"screen-reader-text\">KITS PANTALLA LED PUBLICIDAD P10 DE 300X400 CM PARA EXTERIOR Y INTERIOR<\/span> Leer m\u00e1s &raquo;<\/a><\/p>\n","protected":false},"featured_media":346,"comment_status":"open","ping_status":"closed","template":"","meta":{"om_disable_all_campaigns":false,"_monsterinsights_skip_tracking":false,"_monsterinsights_sitenote_active":false,"_monsterinsights_sitenote_note":"","_monsterinsights_sitenote_category":0,"site-sidebar-layout":"default","site-content-layout":"","ast-site-content-layout":"default","site-content-style":"default","site-sidebar-style":"default","ast-global-header-display":"","ast-banner-title-visibility":"","ast-main-header-display":"","ast-hfb-above-header-display":"","ast-hfb-below-header-display":"","ast-hfb-mobile-header-display":"","site-post-title":"","ast-breadcrumbs-content":"","ast-featured-img":"","footer-sml-layout":"","theme-transparent-header-meta":"default","adv-header-id-meta":"","stick-header-meta":"","header-above-stick-meta":"","header-main-stick-meta":"","header-below-stick-meta":"","astra-migrate-meta-layouts":"set"},"product_brand":[],"product_cat":[24],"product_tag":[],"class_list":{"0":"post-256","1":"product","2":"type-product","3":"status-publish","4":"has-post-thumbnail","6":"product_cat-led","7":"desktop-align-left","8":"tablet-align-left","9":"mobile-align-left","11":"first","12":"instock","13":"sale","14":"shipping-taxable","15":"purchasable","16":"product-type-simple"},"aioseo_notices":[],"_links":{"self":[{"href":"https:\/\/evolucionledchile.cl\/index.php\/wp-json\/wp\/v2\/product\/256","targetHints":{"allow":["GET"]}}],"collection":[{"href":"https:\/\/evolucionledchile.cl\/index.php\/wp-json\/wp\/v2\/product"}],"about":[{"href":"https:\/\/evolucionledchile.cl\/index.php\/wp-json\/wp\/v2\/types\/product"}],"replies":[{"embeddable":true,"href":"https:\/\/evolucionledchile.cl\/index.php\/wp-json\/wp\/v2\/comments?post=256"}],"wp:featuredmedia":[{"embeddable":true,"href":"https:\/\/evolucionledchile.cl\/index.php\/wp-json\/wp\/v2\/media\/346"}],"wp:attachment":[{"href":"https:\/\/evolucionledchile.cl\/index.php\/wp-json\/wp\/v2\/media?parent=256"}],"wp:term":[{"taxonomy":"product_brand","embeddable":true,"href":"https:\/\/evolucionledchile.cl\/index.php\/wp-json\/wp\/v2\/product_brand?post=256"},{"taxonomy":"product_cat","embeddable":true,"href":"https:\/\/evolucionledchile.cl\/index.php\/wp-json\/wp\/v2\/product_cat?post=256"},{"taxonomy":"product_tag","embeddable":true,"href":"https:\/\/evolucionledchile.cl\/index.php\/wp-json\/wp\/v2\/product_tag?post=256"}],"curies":[{"name":"wp","href":"https:\/\/api.w.org\/{rel}","templated":true}]}}