{"id":369,"date":"2025-11-18T19:24:21","date_gmt":"2025-11-18T22:24:21","guid":{"rendered":"https:\/\/evolucionledchile.cl\/?post_type=product&#038;p=369"},"modified":"2025-11-18T19:24:21","modified_gmt":"2025-11-18T22:24:21","slug":"pantalla-led-p6-con-procesador-incluido-ofertas-increible","status":"publish","type":"product","link":"https:\/\/evolucionledchile.cl\/index.php\/producto\/pantalla-led-p6-con-procesador-incluido-ofertas-increible\/","title":{"rendered":"PANTALLA LED P6 CON PROCESADOR INCLUIDO OFERTAS INCREIBLE"},"content":{"rendered":"<h1 class=\"product_title entry-title\">La Publicaci\u00f3n corresponde a la Pantalla completo en P6 de m\u00e1xima calidad con el deco procesador incluido, m\u00e1xima calidad exterior en gabinetes de alta resistencia para publicidad en v\u00eda publica de 96x96cm Y 160X160 PIXELES<\/h1>\n<div class=\"woocommerce-product-details__short-description\">\n<p>Caracter\u00edsticas del sistema:<br \/>\nDisponible para la conexi\u00f3n a un control externo, y la aceptaci\u00f3n de varias im\u00e1genes, gr\u00e1ficos y de escritura a mano<br \/>\nAcepta se\u00f1ales de v\u00eddeo (HDMI \u2013 LAN \u2013 WIFI -NUBE), mostrando im\u00e1genes din\u00e1micas, tambi\u00e9n puede mostrar gr\u00e1ficos y animaciones.<br \/>\nLa computadora de control puede actuar como una estaci\u00f3n de trabajo en red, y leer datos en tiempo real desde el ordenador determinado, y mostrarlas en su pantalla.<br \/>\nExisten varios m\u00e9todos para programar im\u00e1genes, y facilitar el cambio de los programas preparados (incluyendo la secuencia de reproducci\u00f3n, el tiempo de duraci\u00f3n, entrada 220 voltios resolucion 480\u00d7800 pixeles\u00a0 etc)<\/p>\n<\/div>\n","protected":false},"excerpt":{"rendered":"<p>La Publicaci\u00f3n corresponde a la Pantalla completo en P6 de m\u00e1xima calidad con el deco procesador incluido, m\u00e1xima calidad exterior en gabinetes de alta resistencia para publicidad en v\u00eda publica de 96x96cm Y 160X160 PIXELES Caracter\u00edsticas del sistema: Disponible para la conexi\u00f3n a un control externo, y la aceptaci\u00f3n de varias im\u00e1genes, gr\u00e1ficos y de &hellip;<\/p>\n<p class=\"read-more\"> <a class=\"\" href=\"https:\/\/evolucionledchile.cl\/index.php\/producto\/pantalla-led-p6-con-procesador-incluido-ofertas-increible\/\"> <span class=\"screen-reader-text\">PANTALLA LED P6 CON PROCESADOR INCLUIDO OFERTAS INCREIBLE<\/span> Leer m\u00e1s &raquo;<\/a><\/p>\n","protected":false},"featured_media":370,"comment_status":"open","ping_status":"closed","template":"","meta":{"om_disable_all_campaigns":false,"_monsterinsights_skip_tracking":false,"_monsterinsights_sitenote_active":false,"_monsterinsights_sitenote_note":"","_monsterinsights_sitenote_category":0,"site-sidebar-layout":"default","site-content-layout":"","ast-site-content-layout":"default","site-content-style":"default","site-sidebar-style":"default","ast-global-header-display":"","ast-banner-title-visibility":"","ast-main-header-display":"","ast-hfb-above-header-display":"","ast-hfb-below-header-display":"","ast-hfb-mobile-header-display":"","site-post-title":"","ast-breadcrumbs-content":"","ast-featured-img":"","footer-sml-layout":"","theme-transparent-header-meta":"default","adv-header-id-meta":"","stick-header-meta":"","header-above-stick-meta":"","header-main-stick-meta":"","header-below-stick-meta":"","astra-migrate-meta-layouts":"set"},"product_brand":[],"product_cat":[28,26,29],"product_tag":[34,31,32,33,30],"class_list":{"0":"post-369","1":"product","2":"type-product","3":"status-publish","4":"has-post-thumbnail","6":"product_cat-fijos","7":"product_cat-letrero","8":"product_cat-pantalla","9":"product_tag-camaras-led","10":"product_tag-led","11":"product_tag-letreros","12":"product_tag-letreros-fijos","13":"product_tag-pantalla","14":"desktop-align-left","15":"tablet-align-left","16":"mobile-align-left","18":"first","19":"instock","20":"sale","21":"shipping-taxable","22":"purchasable","23":"product-type-simple"},"aioseo_notices":[],"_links":{"self":[{"href":"https:\/\/evolucionledchile.cl\/index.php\/wp-json\/wp\/v2\/product\/369","targetHints":{"allow":["GET"]}}],"collection":[{"href":"https:\/\/evolucionledchile.cl\/index.php\/wp-json\/wp\/v2\/product"}],"about":[{"href":"https:\/\/evolucionledchile.cl\/index.php\/wp-json\/wp\/v2\/types\/product"}],"replies":[{"embeddable":true,"href":"https:\/\/evolucionledchile.cl\/index.php\/wp-json\/wp\/v2\/comments?post=369"}],"wp:featuredmedia":[{"embeddable":true,"href":"https:\/\/evolucionledchile.cl\/index.php\/wp-json\/wp\/v2\/media\/370"}],"wp:attachment":[{"href":"https:\/\/evolucionledchile.cl\/index.php\/wp-json\/wp\/v2\/media?parent=369"}],"wp:term":[{"taxonomy":"product_brand","embeddable":true,"href":"https:\/\/evolucionledchile.cl\/index.php\/wp-json\/wp\/v2\/product_brand?post=369"},{"taxonomy":"product_cat","embeddable":true,"href":"https:\/\/evolucionledchile.cl\/index.php\/wp-json\/wp\/v2\/product_cat?post=369"},{"taxonomy":"product_tag","embeddable":true,"href":"https:\/\/evolucionledchile.cl\/index.php\/wp-json\/wp\/v2\/product_tag?post=369"}],"curies":[{"name":"wp","href":"https:\/\/api.w.org\/{rel}","templated":true}]}}