{"id":545,"date":"2025-12-20T16:29:14","date_gmt":"2025-12-20T19:29:14","guid":{"rendered":"https:\/\/evolucionledchile.cl\/?post_type=product&#038;p=545"},"modified":"2025-12-20T17:03:21","modified_gmt":"2025-12-20T20:03:21","slug":"camara-ip-wi-fi-para-exteriores-icsee-ptz-full-hd-de-5-mp-es-la-solucion-ideal-para-quienes-buscan-seguridad-y-comodidad","status":"publish","type":"product","link":"https:\/\/evolucionledchile.cl\/index.php\/producto\/camara-ip-wi-fi-para-exteriores-icsee-ptz-full-hd-de-5-mp-es-la-solucion-ideal-para-quienes-buscan-seguridad-y-comodidad\/","title":{"rendered":"c\u00e1mara IP Wi-Fi para exteriores Icsee PTZ Full HD de 5 MP es la soluci\u00f3n ideal para quienes buscan seguridad y comodidad"},"content":{"rendered":"<p>La c\u00e1mara IP Wi-Fi para exteriores Icsee PTZ Full HD de 5 MP es la soluci\u00f3n ideal para quienes buscan seguridad y comodidad. Con esta c\u00e1mara, es posible monitorear todo el frente de su casa, desde cualquier parte del mundo, a trav\u00e9s del acceso remoto a un tel\u00e9fono celular. No es necesario instalar un DVR o un t\u00e9cnico especializado, la instalaci\u00f3n se puede realizar de forma r\u00e1pida y sencilla. La c\u00e1mara Speed Dome permite un control total y un f\u00e1cil acceso a las funciones. Gira 320\u00b0 horizontalmente y 110\u00b0 verticalmente, lo que permite seguir todos los movimientos con precisi\u00f3n. Todo esto a trav\u00e9s del tel\u00e9fono celular, utilizando la aplicaci\u00f3n Yoousee o Icsee, disponible para Android e iOS. La c\u00e1mara tiene una conexi\u00f3n Wi-Fi inal\u00e1mbrica o un cable RJ45, lo que garantiza una excelente calidad de se\u00f1al. Tambi\u00e9n tiene una ranura para tarjetas de memoria de hasta 64 GB, lo que le permite almacenar todas las grabaciones de forma segura. Cuenta con un sistema de detecci\u00f3n de movimiento con notificaci\u00f3n en el celular, para que el usuario est\u00e9 siempre alerta. Tambi\u00e9n tiene un sistema de infrarrojos, lo que le permite filmar en total oscuridad. Con un dise\u00f1o moderno y compacto, esta c\u00e1mara se adapta f\u00e1cilmente a cualquier entorno. Adem\u00e1s, tiene un micr\u00f3fono y un altavoz integrados, lo que permite al usuario escuchar y hablar a trav\u00e9s de \u00e9l. Especificaciones t\u00e9cnicas: &#8211; Rotaci\u00f3n: 320\u00b0 horizontal &#8211; 110\u00b0 vertical &#8211; Resoluci\u00f3n: HD &#8211; 2 MP &#8211; 960p (1280x960p) &#8211; No requiere el uso de un DVR &#8211; Funciona con tecnolog\u00eda Wi-Fi (inal\u00e1mbrica) o con cable de red (RJ45 est\u00e1ndar) &#8211; Lente: 3,6 mm &#8211; LED de infrarrojos: s\u00ed &#8211; 4 alto brillo de los LED &#8211; Alcance: 15 metros &#8211; Ranura para tarjetas: s\u00ed, hasta 64 GB &#8211; Conexi\u00f3n: Wi-Fi (inal\u00e1mbrica) o cable de red (RJ45 est\u00e1ndar) &#8211; Compatibilidad: Android\/iOS &#8211; Micr\u00f3fono: s\u00ed &#8211; Altavoz: s\u00ed &#8211; Resoluci\u00f3n: HD 1280x960p &#8211; Puede soportar hasta 5 usuarios simult\u00e1neos &#8211; Puedes ver 4 c\u00e1maras al mismo tiempo &#8211; Funci\u00f3n avanzada de luminosidad infrarroja: proporciona una mejor visibilidad en la oscuridad total &#8211; Aplicaci\u00f3n: Yousee &#8211; Tarjeta de memoria no incluida Art\u00edculos incluidos: &#8211; 1 c\u00e1mara domo &#8211; 1 sistema de sellado para cable RJ 45 &#8211; 3 tornillos &#8211; 3 casquillos &#8211; 1 manual de instrucciones<\/p>\n","protected":false},"excerpt":{"rendered":"<p>La c\u00e1mara IP Wi-Fi para exteriores Icsee PTZ Full HD de 5 MP es la soluci\u00f3n ideal para quienes buscan seguridad y comodidad. Con esta c\u00e1mara, es posible monitorear todo el frente de su casa, desde cualquier parte del mundo, a trav\u00e9s del acceso remoto a un tel\u00e9fono celular. No es necesario instalar un DVR &hellip;<\/p>\n<p class=\"read-more\"> <a class=\"\" href=\"https:\/\/evolucionledchile.cl\/index.php\/producto\/camara-ip-wi-fi-para-exteriores-icsee-ptz-full-hd-de-5-mp-es-la-solucion-ideal-para-quienes-buscan-seguridad-y-comodidad\/\"> <span class=\"screen-reader-text\">c\u00e1mara IP Wi-Fi para exteriores Icsee PTZ Full HD de 5 MP es la soluci\u00f3n ideal para quienes buscan seguridad y comodidad<\/span> Leer m\u00e1s &raquo;<\/a><\/p>\n","protected":false},"featured_media":436,"comment_status":"open","ping_status":"closed","template":"","meta":{"om_disable_all_campaigns":false,"_monsterinsights_skip_tracking":false,"_monsterinsights_sitenote_active":false,"_monsterinsights_sitenote_note":"","_monsterinsights_sitenote_category":0,"site-sidebar-layout":"default","site-content-layout":"","ast-site-content-layout":"default","site-content-style":"default","site-sidebar-style":"default","ast-global-header-display":"","ast-banner-title-visibility":"","ast-main-header-display":"","ast-hfb-above-header-display":"","ast-hfb-below-header-display":"","ast-hfb-mobile-header-display":"","site-post-title":"","ast-breadcrumbs-content":"","ast-featured-img":"","footer-sml-layout":"","theme-transparent-header-meta":"default","adv-header-id-meta":"","stick-header-meta":"","header-above-stick-meta":"","header-main-stick-meta":"","header-below-stick-meta":"","astra-migrate-meta-layouts":"set"},"product_brand":[],"product_cat":[35],"product_tag":[],"class_list":{"0":"post-545","1":"product","2":"type-product","3":"status-publish","4":"has-post-thumbnail","6":"product_cat-camara","7":"desktop-align-left","8":"tablet-align-left","9":"mobile-align-left","11":"first","12":"instock","13":"sale","14":"shipping-taxable","15":"purchasable","16":"product-type-simple"},"aioseo_notices":[],"_links":{"self":[{"href":"https:\/\/evolucionledchile.cl\/index.php\/wp-json\/wp\/v2\/product\/545","targetHints":{"allow":["GET"]}}],"collection":[{"href":"https:\/\/evolucionledchile.cl\/index.php\/wp-json\/wp\/v2\/product"}],"about":[{"href":"https:\/\/evolucionledchile.cl\/index.php\/wp-json\/wp\/v2\/types\/product"}],"replies":[{"embeddable":true,"href":"https:\/\/evolucionledchile.cl\/index.php\/wp-json\/wp\/v2\/comments?post=545"}],"wp:featuredmedia":[{"embeddable":true,"href":"https:\/\/evolucionledchile.cl\/index.php\/wp-json\/wp\/v2\/media\/436"}],"wp:attachment":[{"href":"https:\/\/evolucionledchile.cl\/index.php\/wp-json\/wp\/v2\/media?parent=545"}],"wp:term":[{"taxonomy":"product_brand","embeddable":true,"href":"https:\/\/evolucionledchile.cl\/index.php\/wp-json\/wp\/v2\/product_brand?post=545"},{"taxonomy":"product_cat","embeddable":true,"href":"https:\/\/evolucionledchile.cl\/index.php\/wp-json\/wp\/v2\/product_cat?post=545"},{"taxonomy":"product_tag","embeddable":true,"href":"https:\/\/evolucionledchile.cl\/index.php\/wp-json\/wp\/v2\/product_tag?post=545"}],"curies":[{"name":"wp","href":"https:\/\/api.w.org\/{rel}","templated":true}]}}